{"id":4270,"date":"2019-12-10T09:52:56","date_gmt":"2019-12-10T08:52:56","guid":{"rendered":"http:\/\/www.ampamartipol.net\/?page_id=4270"},"modified":"2022-06-05T09:19:17","modified_gmt":"2022-06-05T07:19:17","slug":"comunicacio-2","status":"publish","type":"page","link":"https:\/\/www.ampamartipol.net\/index.php\/comissions\/comunicacio-2\/","title":{"rendered":"Comissi\u00f3 de Patis"},"content":{"rendered":"<h2><font color=\"#ea6a00\"><u>Membres<\/u><\/font><\/h2>\n<figure><img decoding=\"async\" width=\"300\" height=\"300\" src=\"http:\/\/www.ampamartipol.net\/wp-content\/uploads\/2018\/11\/014-worker-300x300.png\" alt=\"\" loading=\"lazy\" \/><\/figure>\n<h4>Anna<\/h4>\n<figure><img decoding=\"async\" width=\"300\" height=\"300\" src=\"http:\/\/www.ampamartipol.net\/wp-content\/uploads\/2018\/11\/014-worker-300x300.png\" alt=\"\" loading=\"lazy\" \/><\/figure>\n<h4>Monica<\/h4>\n<figure><img decoding=\"async\" width=\"300\" height=\"300\" src=\"http:\/\/www.ampamartipol.net\/wp-content\/uploads\/2018\/11\/014-worker-300x300.png\" alt=\"\" loading=\"lazy\" \/><\/figure>\n<h4>Cris<br \/><\/h4>\n<figure><img decoding=\"async\" width=\"300\" height=\"300\" src=\"http:\/\/www.ampamartipol.net\/wp-content\/uploads\/2018\/11\/014-worker-300x300.png\" alt=\"\" loading=\"lazy\" \/><\/figure>\n<h4>Monica Martinez<\/h4>\n<figure><img decoding=\"async\" width=\"300\" height=\"300\" src=\"http:\/\/www.ampamartipol.net\/wp-content\/uploads\/2018\/11\/018-young-300x300.png\" alt=\"\" loading=\"lazy\" \/><\/figure>\n<h4>Jordi Bigas<\/h4>\n<figure><img decoding=\"async\" width=\"300\" height=\"300\" src=\"http:\/\/www.ampamartipol.net\/wp-content\/uploads\/2018\/11\/018-young-300x300.png\" alt=\"\" loading=\"lazy\" \/><\/figure>\n<h4>L\u00e1zaro<br \/>Garcia<\/h4>\n<figure><img decoding=\"async\" width=\"300\" height=\"300\" src=\"http:\/\/www.ampamartipol.net\/wp-content\/uploads\/2018\/11\/014-worker-300x300.png\" alt=\"\" loading=\"lazy\" \/><\/figure>\n<h4>Judith<\/h4>\n<h2>Tasques<\/h2>\n<p>\t\t\t\t\t\t\t\t\t\t\t\t<img decoding=\"async\" width=\"640\" height=\"360\" src=\"http:\/\/www.ampamartipol.net\/wp-content\/uploads\/2021\/05\/WhatsApp-Image-2021-05-04-at-20.45.21-1020x574.jpeg\" alt=\"\" loading=\"lazy\" srcset=\"http:\/\/www.ampamartipol.net\/wp-content\/uploads\/2021\/05\/WhatsApp-Image-2021-05-04-at-20.45.21-1020x574.jpeg 1020w, http:\/\/www.ampamartipol.net\/wp-content\/uploads\/2021\/05\/WhatsApp-Image-2021-05-04-at-20.45.21-632x356.jpeg 632w, http:\/\/www.ampamartipol.net\/wp-content\/uploads\/2021\/05\/WhatsApp-Image-2021-05-04-at-20.45.21-768x432.jpeg 768w, http:\/\/www.ampamartipol.net\/wp-content\/uploads\/2021\/05\/WhatsApp-Image-2021-05-04-at-20.45.21-1170x658.jpeg 1170w, http:\/\/www.ampamartipol.net\/wp-content\/uploads\/2021\/05\/WhatsApp-Image-2021-05-04-at-20.45.21-1320x743.jpeg 1320w, http:\/\/www.ampamartipol.net\/wp-content\/uploads\/2021\/05\/WhatsApp-Image-2021-05-04-at-20.45.21-350x197.jpeg 350w, http:\/\/www.ampamartipol.net\/wp-content\/uploads\/2021\/05\/WhatsApp-Image-2021-05-04-at-20.45.21-1110x624.jpeg 1110w, http:\/\/www.ampamartipol.net\/wp-content\/uploads\/2021\/05\/WhatsApp-Image-2021-05-04-at-20.45.21-528x297.jpeg 528w, http:\/\/www.ampamartipol.net\/wp-content\/uploads\/2021\/05\/WhatsApp-Image-2021-05-04-at-20.45.21.jpeg 2048w\" sizes=\"auto, (max-width: 640px) 100vw, 640px\" \/>\t\t\t\t\t\t\t\t\t\t\t\t\t\t<\/p>\n<ul>\n<li>Detectem les necessitats, mancances i millores a fer als patis de l\u2019escola.<\/li>\n<li>Organitzem sessions de treball amb la col\u00b7laboraci\u00f3 dels pares de l\u2019escola, la Direcci\u00f3 i els nostres fills i filles.<\/li>\n<li>Coordinem les tasques de manteniment del pati.<\/li>\n<li>Vetllem per un pati inclusiu<\/li>\n<\/ul>\n<h2>Informaci\u00f3 i enlla\u00e7os d&#8217;inter\u00e8s<\/h2>\n<h6>El nou pati<\/h6>\n<p>Voleu veure com es va construir minut a minut el nou pati de l&#8217;escola? Cliqueu i observeu molt b\u00e9 la feina que hi van fer! Entre totes i tots podrem fer un altre pati! Estigueu atentes a les xarxes!<\/p>\n<p>\t\t\t<a href=\"http:\/\/www.ampamartipol.net\/index.php\/2021\/05\/04\/ja-tenim-el-nou-pati\/\" role=\"button\"><br \/>\n\t\t\t\t\t\tDetalls del projecte<br \/>\n\t\t\t\t\t<\/a><br \/>\n\t\t<div style=\"width: 640px;\" class=\"wp-video\"><video class=\"wp-video-shortcode\" id=\"video-4270-1\" width=\"640\" height=\"360\" preload=\"metadata\" controls=\"controls\"><source type=\"video\/mp4\" src=\"http:\/\/www.ampamartipol.net\/wp-content\/uploads\/2021\/05\/2-WhatsApp-Video-2021-05-11-at-07.29.54-1.mp4?_=1\" \/><a href=\"http:\/\/www.ampamartipol.net\/wp-content\/uploads\/2021\/05\/2-WhatsApp-Video-2021-05-11-at-07.29.54-1.mp4\">http:\/\/www.ampamartipol.net\/wp-content\/uploads\/2021\/05\/2-WhatsApp-Video-2021-05-11-at-07.29.54-1.mp4<\/a><\/video><\/div>\t\t<\/p>\n<h2>El roc\u00f2drom<\/h2>\n<p>\t\t\t<a href=\"https:\/\/drive.google.com\/file\/d\/1D9xkAkxjQ0mdkURhK_sVTUj9EwR5siFM\/view?usp=sharing\" role=\"button\"><br \/>\n\t\t\t\t\t\tRevisi\u00f3 i homologacions<br \/>\n\t\t\t\t\t<\/a><\/p>\n<h2>Com participar-hi<\/h2>\n<p>Contacta amb nosaltres si vols participar en aquesta comissi\u00f3 o obtenir m\u00e9s informaci\u00f3 sobre el que fem.<\/p>\n<figure><img decoding=\"async\" width=\"632\" height=\"632\" src=\"http:\/\/www.ampamartipol.net\/wp-content\/uploads\/2021\/09\/que-es-email-correo-electronico-640x640-1-632x632.jpg\" alt=\"\" loading=\"lazy\" \/><\/figure>\n<h4><a href=\"mailto:comissiodepatis@ampamartipol.net\" style=\"box-sizing: inherit; color: rgb(68, 68, 68); outline: 0px; font-family: Muli; font-size: 1rem; font-weight: normal; letter-spacing: normal; white-space: normal;\">comissiodepatis@ampamartipol.net<\/a><\/h4>\n","protected":false},"excerpt":{"rendered":"<p>Membres Anna Monica Cris Monica Martinez Jordi Bigas L\u00e1zaroGarcia Judith Tasques Detectem les necessitats, mancances i millores a fer als patis de l\u2019escola. Organitzem sessions de treball amb la col\u00b7laboraci\u00f3 dels pares de l\u2019escola, la Direcci\u00f3 i els nostres fills i filles. Coordinem les tasques de manteniment del pati. Vetllem<\/p>\n","protected":false},"author":1,"featured_media":0,"parent":35,"menu_order":0,"comment_status":"closed","ping_status":"closed","template":"","meta":{"footnotes":""},"class_list":["post-4270","page","type-page","status-publish","hentry",""],"_links":{"self":[{"href":"https:\/\/www.ampamartipol.net\/index.php\/wp-json\/wp\/v2\/pages\/4270","targetHints":{"allow":["GET"]}}],"collection":[{"href":"https:\/\/www.ampamartipol.net\/index.php\/wp-json\/wp\/v2\/pages"}],"about":[{"href":"https:\/\/www.ampamartipol.net\/index.php\/wp-json\/wp\/v2\/types\/page"}],"author":[{"embeddable":true,"href":"https:\/\/www.ampamartipol.net\/index.php\/wp-json\/wp\/v2\/users\/1"}],"replies":[{"embeddable":true,"href":"https:\/\/www.ampamartipol.net\/index.php\/wp-json\/wp\/v2\/comments?post=4270"}],"version-history":[{"count":48,"href":"https:\/\/www.ampamartipol.net\/index.php\/wp-json\/wp\/v2\/pages\/4270\/revisions"}],"predecessor-version":[{"id":6532,"href":"https:\/\/www.ampamartipol.net\/index.php\/wp-json\/wp\/v2\/pages\/4270\/revisions\/6532"}],"up":[{"embeddable":true,"href":"https:\/\/www.ampamartipol.net\/index.php\/wp-json\/wp\/v2\/pages\/35"}],"wp:attachment":[{"href":"https:\/\/www.ampamartipol.net\/index.php\/wp-json\/wp\/v2\/media?parent=4270"}],"curies":[{"name":"wp","href":"https:\/\/api.w.org\/{rel}","templated":true}]}}