{"id":37,"date":"2018-03-26T09:38:27","date_gmt":"2018-03-26T07:38:27","guid":{"rendered":"http:\/\/www.ampamartipol.net\/?page_id=37"},"modified":"2022-11-16T12:05:51","modified_gmt":"2022-11-16T11:05:51","slug":"menjador","status":"publish","type":"page","link":"https:\/\/www.ampamartipol.net\/index.php\/comissions\/menjador\/","title":{"rendered":"Comissi\u00f3 del Menjador"},"content":{"rendered":"<p><img decoding=\"async\" width=\"640\" height=\"387\" src=\"http:\/\/www.ampamartipol.net\/wp-content\/uploads\/2019\/09\/Frutas-y-verduras-jpg-760x460.jpg\" alt=\"\" loading=\"lazy\" srcset=\"http:\/\/www.ampamartipol.net\/wp-content\/uploads\/2019\/09\/Frutas-y-verduras-jpg-760x460.jpg 760w, http:\/\/www.ampamartipol.net\/wp-content\/uploads\/2019\/09\/Frutas-y-verduras-jpg-760x460-632x383.jpg 632w, http:\/\/www.ampamartipol.net\/wp-content\/uploads\/2019\/09\/Frutas-y-verduras-jpg-760x460-350x212.jpg 350w, http:\/\/www.ampamartipol.net\/wp-content\/uploads\/2019\/09\/Frutas-y-verduras-jpg-760x460-300x182.jpg 300w\" sizes=\"auto, (max-width: 640px) 100vw, 640px\" \/>\t\t\t\t\t\t\t\t\t\t\t\t\t\t<\/p>\n<h2>Tasques <\/h2>\n<ul>\n<li>Revisi\u00f3 de men\u00fas i funcionament diari del menjador<\/li>\n<li>Seguiment dels espais de la cuina i del menjador.\u00a0<\/li>\n<li>Seguiment de l&#8217;organitzaci\u00f3 general del temps de migdia.\u00a0\u00a0<\/li>\n<li>Representaci\u00f3 de la comissi\u00f3 de menjador amb els corresponents prove\u00efdors.<\/li>\n<\/ul>\n<h2>Informaci\u00f3 y enlla\u00e7os d&#8217;inter\u00e8s:<\/h2>\n<p>\t\t\tDinars en fam\u00edlia altra cop!<br \/>\n\t\t\t\t\t\t\tS&#8217;han restablert els dinars en fam\u00edlia desde Octubre 2022.<br \/>\n\t\t\t\t\t\t\t\t\t\t<button type=\"button\"><br \/>\n\t\t\t\t\t&times;<br \/>\n\t\t\t\t\tDescartar alerta<br \/>\n\t\t\t\t<\/button><\/p>\n<h6>Preus 2022 &#8211; 2023<\/h6>\n<p>Preus pel nou curs escolar 2022 \/ 2023<\/p>\n<ul>\n<li>Preu menu x fixes: <strong>6,54\u20ac<\/strong><\/li>\n<li>Preu menu x esporadics: <strong>6,95\u20ac<\/strong><\/li>\n<\/ul>\n<h6>El Blog del menjador<\/h6>\n<p>En el seg\u00fcent enlla\u00e7 trobareu el blog del menjador per l&#8217;equip de Dacor. Podreu trobar tamb\u00e9 informaci\u00f3 dels men\u00fas per cada mes i les\u00a0 propostes de sopars. Podreu trobar: <\/p>\n<p>\ud83c\udf7d\ufe0f Men\u00fas mensuals i propostes de sopars.<br \/>\ud83d\udcf8 Fotografies de quin monitor est\u00e0 a cada curs.<br \/>\ud83e\uddee Planificaci\u00f3 de les activitats de menjador (trimestral)<br \/>\ud83d\udcf7 Fotos de les activitats dels vostres fills\/es (trimestral)<br \/>\ud83d\uddc3\ufe0fDocumentaci\u00f3 menjador<br \/>\ud83d\udd0aInformaci\u00f3 de canals de comunicaci\u00f3.<\/p>\n<p>\t\t\t<a href=\"https:\/\/www.menjadorescolamiquelmartipol.com\/\" target=\"_blank\" role=\"button\" rel=\"noopener\"><br \/>\n\t\t\t\t\t\tVisita el blog del Menjador de l&#8217;Escola \/ Men\u00fas mensuals<br \/>\n\t\t\t\t\t<\/a><\/p>\n<h2>Vols participar?<\/h2>\n<p><a href=\"http:\/\/www.ampamartipol.net\/index.php\/contacto\/\">Contacta<\/a> amb nosaltres si vols participar en aquesta comissi\u00f3 o obtenir m\u00e9s informaci\u00f3 sobre el que fem.<\/p>\n<p>\u00a0<\/p>\n<p>Contacte comissi\u00f3:<\/p>\n<p>menjador@ampamartipol.net<\/p>\n","protected":false},"excerpt":{"rendered":"<p>Tasques Revisi\u00f3 de men\u00fas i funcionament diari del menjador Seguiment dels espais de la cuina i del menjador.\u00a0 Seguiment de l&#8217;organitzaci\u00f3 general del temps de migdia.\u00a0\u00a0 Representaci\u00f3 de la comissi\u00f3 de menjador amb els corresponents prove\u00efdors. Informaci\u00f3 y enlla\u00e7os d&#8217;inter\u00e8s: Dinars en fam\u00edlia altra cop! S&#8217;han restablert els dinars en<\/p>\n","protected":false},"author":1,"featured_media":0,"parent":35,"menu_order":0,"comment_status":"closed","ping_status":"closed","template":"","meta":{"footnotes":""},"class_list":["post-37","page","type-page","status-publish","hentry",""],"_links":{"self":[{"href":"https:\/\/www.ampamartipol.net\/index.php\/wp-json\/wp\/v2\/pages\/37","targetHints":{"allow":["GET"]}}],"collection":[{"href":"https:\/\/www.ampamartipol.net\/index.php\/wp-json\/wp\/v2\/pages"}],"about":[{"href":"https:\/\/www.ampamartipol.net\/index.php\/wp-json\/wp\/v2\/types\/page"}],"author":[{"embeddable":true,"href":"https:\/\/www.ampamartipol.net\/index.php\/wp-json\/wp\/v2\/users\/1"}],"replies":[{"embeddable":true,"href":"https:\/\/www.ampamartipol.net\/index.php\/wp-json\/wp\/v2\/comments?post=37"}],"version-history":[{"count":60,"href":"https:\/\/www.ampamartipol.net\/index.php\/wp-json\/wp\/v2\/pages\/37\/revisions"}],"predecessor-version":[{"id":6734,"href":"https:\/\/www.ampamartipol.net\/index.php\/wp-json\/wp\/v2\/pages\/37\/revisions\/6734"}],"up":[{"embeddable":true,"href":"https:\/\/www.ampamartipol.net\/index.php\/wp-json\/wp\/v2\/pages\/35"}],"wp:attachment":[{"href":"https:\/\/www.ampamartipol.net\/index.php\/wp-json\/wp\/v2\/media?parent=37"}],"curies":[{"name":"wp","href":"https:\/\/api.w.org\/{rel}","templated":true}]}}